{"id":1324,"date":"2020-03-18T13:00:29","date_gmt":"2020-03-18T13:00:29","guid":{"rendered":"https:\/\/rustic.ro\/?page_id=1324"},"modified":"2021-08-23T13:05:30","modified_gmt":"2021-08-23T13:05:30","slug":"terase-si-foisoare","status":"publish","type":"page","link":"https:\/\/rustic.ro\/en\/wooden-weekend-houses\/","title":{"rendered":"Terase \u0219i foi\u0219oare"},"content":{"rendered":"<div class=\"vc_row wpb_row vc_row-fluid\"><div class=\"wpb_column vc_column_container vc_col-sm-12\"><div class=\"vc_column-inner\"><div class=\"wpb_wrapper\">\n\n    <section             class=\"section-about\">\n        <div class=\"container\">\n            <div class=\"row\">\n                <div class=\"col-md-6\">\n                    <strong class=\"section-subtitle\">PRODUCTS<\/strong>\n                    <h2 class=\"section-title section-about-title\">Terase \u0219i foi\u0219oare<\/h2>\n                    <p><\/p>\n<blockquote>\n<p class=\"section-title section-about-title\"><em>&#8222;Terasele \u0219i foi\u0219oarele noastre din lemn sunt personalizate 100% dup\u0103 dorin\u021ba \u0219i viziunea clientului. Construc\u021bia lor se realizeaz\u0103 cu aten\u021bie, profesionalism \u0219i materiale premium, pentru un rezultat durabil, estetic \u0219i autentic.&#8221;<\/em><\/p>\n<p class=\"section-title section-about-title\">Cornel Cu\u0219ner<\/p>\n<\/blockquote>\n<p><\/p>\n                    <div class=\"experience-box\">\n\t                                            <div class=\"experience-content\">\n                            <div class=\"experience-number\"><\/div>\n                            <div\n                                    class=\"experience-info wow fadeInDown\"><\/div>\n                        <\/div>\n                    <\/div>\n\n                <\/div>\n                <div class=\"col-md-5 col-md-offset-1\">\n                    <div class=\"dots-image\">\n\n\t\t\t\t\t\t                            <img alt=\"\" class=\"about-img img-responsive\" src=\"https:\/\/rustic.ro\/wp-content\/uploads\/2021\/08\/terasa.jpg\">\n\t\t\t\t\t\t\t\n\n                        <div class=\"dots\"><\/div>\n                    <\/div>\n                <\/div>\n            <\/div>\n        <\/div>\n    <\/section>\n\n\n\t<\/div><\/div><\/div><\/div><div class=\"vc_row wpb_row vc_row-fluid\"><div class=\"wpb_column vc_column_container vc_col-sm-2\"><div class=\"vc_column-inner\"><div class=\"wpb_wrapper\"><\/div><\/div><\/div><div class=\"wpb_column vc_column_container vc_col-sm-8\"><div class=\"vc_column-inner\"><div class=\"wpb_wrapper\">\n\t<div class=\"wpb_text_column wpb_content_element\" >\n\t\t<div class=\"wpb_wrapper\">\n\t\t\t<p>Curtea sau gr\u0103dina reprezint\u0103 un element important al unei case, o zon\u0103 de relaxare care poate fi \u00eentregit\u0103 prin construirea unei terase, pergole sau a unui foi\u0219or. Terasele \u0219i foi\u0219oarele noastre din lemn sunt personalizate 100% dup\u0103 dori\u021bele \u0219i viziunea clientului, prin urmare, sunt pline de autenticitate \u0219i caracter.<\/p>\n<p>Fie c\u0103 e vorba de o sear\u0103 al\u0103turi de familie sau prieteni, fie c\u0103 e vorba de timp pentru sine, acest spa\u021biu poate s\u0103 devin\u0103 o mic\u0103 \u0219i personal\u0103 oaz\u0103 de relaxare \u0219i destindere. Structurile pe care noi le oferim sunt durabile, rezistente, cu materiale \u0219i finisaje de \u00eenalt\u0103 calitate.<\/p>\n\n\t\t<\/div>\n\t<\/div>\n<\/div><\/div><\/div><div class=\"wpb_column vc_column_container vc_col-sm-2\"><div class=\"vc_column-inner\"><div class=\"wpb_wrapper\"><\/div><\/div><\/div><\/div><div class=\"vc_row wpb_row vc_row-fluid\"><div class=\"wpb_column vc_column_container vc_col-sm-2\"><div class=\"vc_column-inner\"><div class=\"wpb_wrapper\"><\/div><\/div><\/div><div class=\"wpb_column vc_column_container vc_col-sm-8\"><div class=\"vc_column-inner\"><div class=\"wpb_wrapper\"><h2 style=\"text-align: left\" class=\"vc_custom_heading\" >De ce s\u0103 alege\u021bi Rustic pentru a v\u0103 realiza terasele sau foi\u0219oarele mult dorite?<\/h2><\/div><\/div><\/div><div class=\"wpb_column vc_column_container vc_col-sm-2\"><div class=\"vc_column-inner\"><div class=\"wpb_wrapper\"><\/div><\/div><\/div><\/div><div class=\"vc_row wpb_row vc_row-fluid\"><div class=\"wpb_column vc_column_container vc_col-sm-2\"><div class=\"vc_column-inner\"><div class=\"wpb_wrapper\"><\/div><\/div><\/div><div class=\"wpb_column vc_column_container vc_col-sm-8\"><div class=\"vc_column-inner\"><div class=\"wpb_wrapper\">\n\t<div class=\"wpb_text_column wpb_content_element\" >\n\t\t<div class=\"wpb_wrapper\">\n\t\t\t<p><span style=\"color: #82af38;\"><strong>Ne pricepem la construc\u021bii din lemn<\/strong><\/span>. Activ\u0103m de peste 18 ani \u00een acest domeniu, avem sprijinul unor me\u0219teri forma\u0219i \u00een tradi\u021bia local\u0103 de prelucrare a lemnului, folosim lemn de calitate, procese tehnologice atent documentate, utilaje performante \u0219i avem mult\u0103 d\u0103ruire pentru a da via\u021b\u0103 viselor clien\u021bilor no\u0219tri.<\/p>\n<p><span style=\"color: #82af38;\"><strong>Suntem deschi\u0219i la nou.<\/strong>\u00a0<\/span>Aproape orice nou\u0103 idee poate fi pus\u0103 \u00een practic\u0103 pentru c\u0103 avem experien\u021ba necesar\u0103 prelucr\u0103rii lemnului folosind tehnici str\u0103vechi \u00een forme noi.<\/p>\n<p><span style=\"color: #82af38;\"><strong>Totul \u00een rela\u021bia cu clien\u021bii no\u0219tri este transparent.<\/strong><\/span> Sti\u021bi de la \u00eenceput costul lucr\u0103rii dvs. din lemn, termenul de realizare \u0219i \u00een ce faz\u0103 este realizarea acesteia.<\/p>\n\n\t\t<\/div>\n\t<\/div>\n<\/div><\/div><\/div><div class=\"wpb_column vc_column_container vc_col-sm-2\"><div class=\"vc_column-inner\"><div class=\"wpb_wrapper\"><\/div><\/div><\/div><\/div><div data-vc-full-width=\"true\" data-vc-full-width-init=\"false\" class=\"vc_row wpb_row vc_row-fluid vc_custom_1584695155079 vc_row-has-fill\"><div class=\"wpb_column vc_column_container vc_col-sm-12\"><div class=\"vc_column-inner\"><div class=\"wpb_wrapper\"><section class=\"vc_cta3-container\"><div class=\"vc_general vc_cta3 vc_cta3-style-outline vc_cta3-shape-square vc_cta3-align-center vc_cta3-color-white vc_cta3-icon-size-md vc_cta3-actions-bottom\"><div class=\"vc_cta3_content-container\"><div class=\"vc_cta3-content\"><header class=\"vc_cta3-content-header\"><h2>Do you want to start a project?<\/h2><\/header><p>Tell us a few details about what you want and we will give you an estimate in the shortest time.<\/p>\n<\/div><div class=\"vc_cta3-actions\"><div class=\"vc_btn3-container vc_btn3-center\" ><a class=\"vc_general vc_btn3 vc_btn3-size-md vc_btn3-shape-square vc_btn3-style-outline vc_btn3-color-white\" href=\"https:\/\/rustic.ro\/en\/form\/\" title=\"\">Request for quotation<\/a><\/div><\/div><\/div><\/div><\/section><\/div><\/div><\/div><\/div><div class=\"vc_row-full-width vc_clearfix\"><\/div>","protected":false},"excerpt":{"rendered":"PRODUSE Terase \u0219i foi\u0219oare \"Terasele \u0219i foi\u0219oarele noastre din lemn sunt personalizate 100% dup\u0103 dorin\u021ba \u0219i viziunea clientului. Construc\u021bia lor se realizeaz\u0103 cu aten\u021bie, profesionalism \u0219i materiale premium, pentru un rezultat durabil, estetic \u0219i autentic.\" Cornel Cu\u0219ner Curtea sau gr\u0103dina reprezint\u0103 un element important al unei case, o zon\u0103 de relaxare care poate fi \u00eentregit\u0103 [...]","protected":false},"author":1,"featured_media":2397,"parent":0,"menu_order":0,"comment_status":"closed","ping_status":"closed","template":"template-contacts.php","meta":{"_mi_skip_tracking":false},"yst_prominent_words":[],"_links":{"self":[{"href":"https:\/\/rustic.ro\/en\/wp-json\/wp\/v2\/pages\/1324"}],"collection":[{"href":"https:\/\/rustic.ro\/en\/wp-json\/wp\/v2\/pages"}],"about":[{"href":"https:\/\/rustic.ro\/en\/wp-json\/wp\/v2\/types\/page"}],"author":[{"embeddable":true,"href":"https:\/\/rustic.ro\/en\/wp-json\/wp\/v2\/users\/1"}],"replies":[{"embeddable":true,"href":"https:\/\/rustic.ro\/en\/wp-json\/wp\/v2\/comments?post=1324"}],"version-history":[{"count":9,"href":"https:\/\/rustic.ro\/en\/wp-json\/wp\/v2\/pages\/1324\/revisions"}],"predecessor-version":[{"id":2410,"href":"https:\/\/rustic.ro\/en\/wp-json\/wp\/v2\/pages\/1324\/revisions\/2410"}],"wp:featuredmedia":[{"embeddable":true,"href":"https:\/\/rustic.ro\/en\/wp-json\/wp\/v2\/media\/2397"}],"wp:attachment":[{"href":"https:\/\/rustic.ro\/en\/wp-json\/wp\/v2\/media?parent=1324"}],"wp:term":[{"taxonomy":"yst_prominent_words","embeddable":true,"href":"https:\/\/rustic.ro\/en\/wp-json\/wp\/v2\/yst_prominent_words?post=1324"}],"curies":[{"name":"wp","href":"https:\/\/api.w.org\/{rel}","templated":true}]}}

Terase și foișoare

<div class="vc_row wpb_row vc_row-fluid"><div class="wpb_column vc_column_container vc_col-sm-12"><div class="vc_column-inner"><div class="wpb_wrapper">

    <section             class="section-about">
        <div class="container">
            <div class="row">
                <div class="col-md-6">
                    <strong class="section-subtitle">PRODUCTS</strong>
                    <h2 class="section-title section-about-title">Terase și foișoare</h2>
                    <p></p>
<blockquote>
<p class="section-title section-about-title"><em>&#8222;Terasele și foișoarele noastre din lemn sunt personalizate 100% după dorința și viziunea clientului. Construcția lor se realizează cu atenție, profesionalism și materiale premium, pentru un rezultat durabil, estetic și autentic.&#8221;</em></p>
<p class="section-title section-about-title">Cornel Cușner</p>
</blockquote>
<p></p>
                    <div class="experience-box">
	                                            <div class="experience-content">
                            <div class="experience-number"></div>
                            <div
                                    class="experience-info wow fadeInDown"></div>
                        </div>
                    </div>

                </div>
                <div class="col-md-5 col-md-offset-1">
                    <div class="dots-image">

						                            <img alt="" class="about-img img-responsive" src="https://rustic.ro/wp-content/uploads/2021/08/terasa.jpg">
							

                        <div class="dots"></div>
                    </div>
                </div>
            </div>
        </div>
    </section>


	</div></div></div></div><div class="vc_row wpb_row vc_row-fluid"><div class="wpb_column vc_column_container vc_col-sm-2"><div class="vc_column-inner"><div class="wpb_wrapper"></div></div></div><div class="wpb_column vc_column_container vc_col-sm-8"><div class="vc_column-inner"><div class="wpb_wrapper">
	<div class="wpb_text_column wpb_content_element" >
		<div class="wpb_wrapper">
			<p>Curtea sau grădina reprezintă un element important al unei case, o zonă de relaxare care poate fi întregită prin construirea unei terase, pergole sau a unui foișor. Terasele și foișoarele noastre din lemn sunt personalizate 100% după dorițele și viziunea clientului, prin urmare, sunt pline de autenticitate și caracter.</p>
<p>Fie că e vorba de o seară alături de familie sau prieteni, fie că e vorba de timp pentru sine, acest spațiu poate să devină o mică și personală oază de relaxare și destindere. Structurile pe care noi le oferim sunt durabile, rezistente, cu materiale și finisaje de înaltă calitate.</p>

		</div>
	</div>
</div></div></div><div class="wpb_column vc_column_container vc_col-sm-2"><div class="vc_column-inner"><div class="wpb_wrapper"></div></div></div></div><div class="vc_row wpb_row vc_row-fluid"><div class="wpb_column vc_column_container vc_col-sm-2"><div class="vc_column-inner"><div class="wpb_wrapper"></div></div></div><div class="wpb_column vc_column_container vc_col-sm-8"><div class="vc_column-inner"><div class="wpb_wrapper"><h2 style="text-align: left" class="vc_custom_heading" >De ce să alegeți Rustic pentru a vă realiza terasele sau foișoarele mult dorite?</h2></div></div></div><div class="wpb_column vc_column_container vc_col-sm-2"><div class="vc_column-inner"><div class="wpb_wrapper"></div></div></div></div><div class="vc_row wpb_row vc_row-fluid"><div class="wpb_column vc_column_container vc_col-sm-2"><div class="vc_column-inner"><div class="wpb_wrapper"></div></div></div><div class="wpb_column vc_column_container vc_col-sm-8"><div class="vc_column-inner"><div class="wpb_wrapper">
	<div class="wpb_text_column wpb_content_element" >
		<div class="wpb_wrapper">
			<p><span style="color: #82af38;"><strong>Ne pricepem la construcții din lemn</strong></span>. Activăm de peste 18 ani în acest domeniu, avem sprijinul unor meșteri formași în tradiția locală de prelucrare a lemnului, folosim lemn de calitate, procese tehnologice atent documentate, utilaje performante și avem multă dăruire pentru a da viață viselor clienților noștri.</p>
<p><span style="color: #82af38;"><strong>Suntem deschiși la nou.</strong> </span>Aproape orice nouă idee poate fi pusă în practică pentru că avem experiența necesară prelucrării lemnului folosind tehnici străvechi în forme noi.</p>
<p><span style="color: #82af38;"><strong>Totul în relația cu clienții noștri este transparent.</strong></span> Stiți de la început costul lucrării dvs. din lemn, termenul de realizare și în ce fază este realizarea acesteia.</p>

		</div>
	</div>
</div></div></div><div class="wpb_column vc_column_container vc_col-sm-2"><div class="vc_column-inner"><div class="wpb_wrapper"></div></div></div></div><div data-vc-full-width="true" data-vc-full-width-init="false" class="vc_row wpb_row vc_row-fluid vc_custom_1584695155079 vc_row-has-fill"><div class="wpb_column vc_column_container vc_col-sm-12"><div class="vc_column-inner"><div class="wpb_wrapper"><section class="vc_cta3-container"><div class="vc_general vc_cta3 vc_cta3-style-outline vc_cta3-shape-square vc_cta3-align-center vc_cta3-color-white vc_cta3-icon-size-md vc_cta3-actions-bottom"><div class="vc_cta3_content-container"><div class="vc_cta3-content"><header class="vc_cta3-content-header"><h2>Do you want to start a project?</h2></header><p>Tell us a few details about what you want and we will give you an estimate in the shortest time.</p>
</div><div class="vc_cta3-actions"><div class="vc_btn3-container vc_btn3-center" ><a class="vc_general vc_btn3 vc_btn3-size-md vc_btn3-shape-square vc_btn3-style-outline vc_btn3-color-white" href="https://rustic.ro/en/form/" title="">Request for quotation</a></div></div></div></div></section></div></div></div></div><div class="vc_row-full-width vc_clearfix"></div>

PRODUSE Terase și foișoare "Terasele și foișoarele noastre din lemn sunt personalizate 100% după dorința și viziunea clientului. Construcția lor se realizează cu atenție, profesionalism și materiale premium, pentru un rezultat durabil, estetic și autentic." Cornel Cușner Curtea sau grădina reprezintă un element important al unei case, o zonă de relaxare care poate fi întregită [...]
